{"id":814,"date":"2012-03-03T14:59:43","date_gmt":"2012-03-03T14:59:43","guid":{"rendered":"http:\/\/nnadaprenewal.ca\/?page_id=814"},"modified":"2012-03-03T15:05:21","modified_gmt":"2012-03-03T15:05:21","slug":"honorer-nos-forces-version-abregee","status":"publish","type":"page","link":"https:\/\/nnadaprenewal.ca\/?page_id=814","title":{"rendered":"Honorer Nos Forces &#8211; Version Abr\u00e9g\u00e9e"},"content":{"rendered":"<p>Le rapport de synth\u00e8se\u00a0est un\u00a0aper\u00e7u\u00a0de 14 pages\u00a0de\u00a0la version compl\u00e8te de\u00a0Honorer nos\u00a0forces:\u00a0Un cadre\u00a0renouvel\u00e9\u00a0pour rem\u00e9dier aux probl\u00e8mes\u00a0de toxicomanie\u00a0chez les peuples\u00a0des Premi\u00e8res nations\u00a0au Canada.\u00a0Le\u00a0document d\u00e9crit\u00a0une approche\u00a0pour r\u00e9ussir \u00e0\u00a0renforcer lemod\u00e8le de soins\u00a0actuel.\u00a0Il identifie les\u00a0principes directeurs sur lesquelsl&#8217;approche du cadre\u00a0est fond\u00e9e;\u00a0les\u00a0six\u00a0\u00e9l\u00e9ments d&#8217;un\u00a0continuum de soins\u00a0pour r\u00e9pondre aux\u00a0besoins des individus, des familles et\u00a0des communaut\u00e9s, et six\u00a0appuis fondamentaux pour\u00a0le continuum des soins.<\/p>\n<p><strong>Consulter le rapport sommaire (HTML)<\/strong>\u00a0<em><a title=\"Honorer nos forces : Cadre renouvel\u00e9 du programme de lutte contre les toxicomanies chez les Premi\u00e8res nations du Canada \u2013 rapport sommaire\" href=\"http:\/\/nnadaprenewal.ca\/fr\/?page_id=796\">Honorer nos forces : Cadre renouvel\u00e9 du programme de lutte contre les toxicomanies chez les Premi\u00e8res nations du Canada \u2013 rapport sommaire<\/a><\/em><\/p>\n<p>&nbsp;<\/p>\n<p><strong>Imprimer le rapport sommaire (PDF)<\/strong>\u00a0<em><a href=\"http:\/\/nnadaprenewal.ca\/wp-content\/uploads\/2012\/03\/honorer-nos-forces.pdf\">Honorer nos forces : Cadre renouvel\u00e9 du programme de lutte contre les toxicomanies chez les Premi\u00e8res nations du Canada \u2013 rapport sommaire<\/a><\/em><\/p>\n<p><strong><br \/>\n<\/strong><\/p>\n","protected":false},"excerpt":{"rendered":"<p>Le rapport de synth\u00e8se\u00a0est un\u00a0aper\u00e7u\u00a0de 14 pages\u00a0de\u00a0la version compl\u00e8te de\u00a0Honorer nos\u00a0forces:\u00a0Un cadre\u00a0renouvel\u00e9\u00a0pour rem\u00e9dier aux probl\u00e8mes\u00a0de toxicomanie\u00a0chez les peuples\u00a0des Premi\u00e8res nations\u00a0au Canada.\u00a0Le\u00a0document d\u00e9crit\u00a0une approche\u00a0pour r\u00e9ussir \u00e0\u00a0renforcer lemod\u00e8le de soins\u00a0actuel.\u00a0Il identifie les\u00a0principes directeurs sur lesquelsl&#8217;approche du cadre\u00a0est fond\u00e9e;\u00a0les\u00a0six\u00a0\u00e9l\u00e9ments d&#8217;un\u00a0continuum de soins\u00a0pour r\u00e9pondre aux\u00a0besoins des individus, des familles et\u00a0des communaut\u00e9s, et six\u00a0appuis fondamentaux pour\u00a0le continuum des soins. Consulter [&hellip;]<\/p>\n","protected":false},"author":2,"featured_media":0,"parent":0,"menu_order":0,"comment_status":"closed","ping_status":"closed","template":"","meta":[],"_links":{"self":[{"href":"https:\/\/nnadaprenewal.ca\/index.php?rest_route=\/wp\/v2\/pages\/814"}],"collection":[{"href":"https:\/\/nnadaprenewal.ca\/index.php?rest_route=\/wp\/v2\/pages"}],"about":[{"href":"https:\/\/nnadaprenewal.ca\/index.php?rest_route=\/wp\/v2\/types\/page"}],"author":[{"embeddable":true,"href":"https:\/\/nnadaprenewal.ca\/index.php?rest_route=\/wp\/v2\/users\/2"}],"replies":[{"embeddable":true,"href":"https:\/\/nnadaprenewal.ca\/index.php?rest_route=%2Fwp%2Fv2%2Fcomments&post=814"}],"version-history":[{"count":5,"href":"https:\/\/nnadaprenewal.ca\/index.php?rest_route=\/wp\/v2\/pages\/814\/revisions"}],"predecessor-version":[{"id":819,"href":"https:\/\/nnadaprenewal.ca\/index.php?rest_route=\/wp\/v2\/pages\/814\/revisions\/819"}],"wp:attachment":[{"href":"https:\/\/nnadaprenewal.ca\/index.php?rest_route=%2Fwp%2Fv2%2Fmedia&parent=814"}],"curies":[{"name":"wp","href":"https:\/\/api.w.org\/{rel}","templated":true}]}}