{"id":845,"date":"2012-03-03T17:19:24","date_gmt":"2012-03-03T17:19:24","guid":{"rendered":"http:\/\/nnadaprenewal.ca\/?page_id=845"},"modified":"2012-03-03T17:19:24","modified_gmt":"2012-03-03T17:19:24","slug":"participation-de-la-communaute","status":"publish","type":"page","link":"https:\/\/nnadaprenewal.ca\/?page_id=845","title":{"rendered":"Participation de la communaut\u00e9"},"content":{"rendered":"<p>La participation communautaire est essentielle au processus de renouvellement du<abbr title=\"Programme national de lutte contre l'abus de l'alcool et des drogues chez les Autochtones\">PNLAADA<\/abbr>. Par l\u2019entremise d\u2019une vari\u00e9t\u00e9 de m\u00e9canismes, dont le pr\u00e9sent site Internet, nous vous invitons \u00e0 formuler commentaires et suggestions sur les \u00e9tapes n\u00e9cessaires pour renouveler, am\u00e9liorer et valider les services de la toxicomanie pour les Premi\u00e8res Nations. Parmi les autres formes de participation communautaire et de repr\u00e9sentation, mentionnons:<\/p>\n<ul>\n<li>des activit\u00e9s de recherche (groupes de discussion\/cercles de la parole, entrevues, enqu\u00eates, etc.) effectu\u00e9es dans le cadre des \u00e9valuations des besoins r\u00e9gionaux et les rapports de recherche sur le\u00a0<abbr title=\"Programme national de lutte contre l'abus de l'alcool et des drogues chez les Autochtones\">PNLAADA<\/abbr>; et<\/li>\n<li>une r\u00e9troaction sur les rapports de recherche et les versions pr\u00e9liminaires du cadre, demand\u00e9e par courrier \u00e9lectronique et dans le site Internet du renouvellement du\u00a0<abbr title=\"Programme national de lutte contre l'abus de l'alcool et des drogues chez les Autochtones\">PNLAADA<\/abbr>.<\/li>\n<\/ul>\n<p>Le processus de renouvellement du\u00a0<abbr title=\"Programme national de lutte contre l'abus de l'alcool et des drogues chez les Autochtones\">PNLAADA<\/abbr>\u00a0comprend plusieurs m\u00e9canismes permettant d\u2019avoir acc\u00e8s au savoir, \u00e0 la sagesse et \u00e0 l\u2019exp\u00e9rience des membres de la communaut\u00e9, des fournisseurs de services et autres intervenants, pour ainsi trouver la meilleure fa\u00e7on de faire avancer le processus. La participation des intervenants du milieu est primordiale dans ce processus et sera n\u00e9cessaire pour \u00e9laborer, formuler et parfaire la vision renouvel\u00e9e des services du\u00a0<abbr title=\"Programme national de lutte contre l'abus de l'alcool et des drogues chez les Autochtones\">PNLAADA<\/abbr>. Un engagement continu permettra non seulement d\u2019enrichir les r\u00e9sultats de ce processus mais aussi de veiller \u00e0 ce que le renouvellement soit pratique et de guider le travail des employ\u00e9s, gestionnaires, d\u00e9fenseurs et d\u00e9cideurs du\u00a0<abbr title=\"Programme national de lutte contre l'abus de l'alcool et des drogues chez les Autochtones\">PNLAADA<\/abbr>.<\/p>\n","protected":false},"excerpt":{"rendered":"<p>La participation communautaire est essentielle au processus de renouvellement duPNLAADA. Par l\u2019entremise d\u2019une vari\u00e9t\u00e9 de m\u00e9canismes, dont le pr\u00e9sent site Internet, nous vous invitons \u00e0 formuler commentaires et suggestions sur les \u00e9tapes n\u00e9cessaires pour renouveler, am\u00e9liorer et valider les services de la toxicomanie pour les Premi\u00e8res Nations. Parmi les autres formes de participation communautaire et [&hellip;]<\/p>\n","protected":false},"author":2,"featured_media":0,"parent":0,"menu_order":0,"comment_status":"closed","ping_status":"closed","template":"","meta":[],"_links":{"self":[{"href":"https:\/\/nnadaprenewal.ca\/index.php?rest_route=\/wp\/v2\/pages\/845"}],"collection":[{"href":"https:\/\/nnadaprenewal.ca\/index.php?rest_route=\/wp\/v2\/pages"}],"about":[{"href":"https:\/\/nnadaprenewal.ca\/index.php?rest_route=\/wp\/v2\/types\/page"}],"author":[{"embeddable":true,"href":"https:\/\/nnadaprenewal.ca\/index.php?rest_route=\/wp\/v2\/users\/2"}],"replies":[{"embeddable":true,"href":"https:\/\/nnadaprenewal.ca\/index.php?rest_route=%2Fwp%2Fv2%2Fcomments&post=845"}],"version-history":[{"count":1,"href":"https:\/\/nnadaprenewal.ca\/index.php?rest_route=\/wp\/v2\/pages\/845\/revisions"}],"predecessor-version":[{"id":846,"href":"https:\/\/nnadaprenewal.ca\/index.php?rest_route=\/wp\/v2\/pages\/845\/revisions\/846"}],"wp:attachment":[{"href":"https:\/\/nnadaprenewal.ca\/index.php?rest_route=%2Fwp%2Fv2%2Fmedia&parent=845"}],"curies":[{"name":"wp","href":"https:\/\/api.w.org\/{rel}","templated":true}]}}