{"id":894,"date":"2012-03-04T14:56:03","date_gmt":"2012-03-04T14:56:03","guid":{"rendered":"http:\/\/nnadaprenewal.ca\/?page_id=894"},"modified":"2012-03-04T14:56:03","modified_gmt":"2012-03-04T14:56:03","slug":"lignes-directrices-relatives-aux-evaluations-des-besoins","status":"publish","type":"page","link":"https:\/\/nnadaprenewal.ca\/?page_id=894","title":{"rendered":"Lignes directrices relatives aux \u00e9valuations des besoins"},"content":{"rendered":"<p>En novembre 2007, des lignes directrices ont \u00e9t\u00e9 \u00e9labor\u00e9es afin de guider et d\u2019orienter les processus d\u2019\u00e9valuation des besoins r\u00e9gionaux dans chaque r\u00e9gion de SPNI. Ces lignes directrices d\u00e9finissent les crit\u00e8res, principes et activit\u00e9s des processus afin de s\u2019assurer qu\u2019ils soient fiables et qu\u2019il y ait coh\u00e9rence entre les r\u00e9gions de SPNI. Voici quelques<a href=\"http:\/\/nnadaprenewal.ca\/wp-content\/uploads\/2012\/03\/FNIH-Needs_Assessment_Guidelines-Fr-FINAL-May_08.pdf\">lignes directrices cl\u00e9s de l\u2019\u00e9valuation des besoins<\/a>\u00a0:<\/p>\n<ul>\n<li>Les organismes de repr\u00e9sentation des Premi\u00e8res nations, en collaboration avec les bureaux r\u00e9gionaux de SPNI, g\u00e9reront l\u2019\u00e9valuation des besoins et les processus de renouvellement dans chaque r\u00e9gion.<\/li>\n<li>Les \u00e9valuations des besoins consid\u00e9reront les approches autochtones et non autochtones comme des donn\u00e9es probantes.<\/li>\n<li>Les \u00e9valuations des besoins examineront les besoins et les ressources disponibles pour les groupes et (ou) domaines suivants : sexe, jeunes, femmes enceintes et sant\u00e9 mentale (troubles concomitants).<\/li>\n<li>Les \u00e9valuations des besoins mettront en lumi\u00e8re les arrangements en cours ou les pratiques exemplaires et (ou) prometteuses en vigueur dans le PNLAADA.<\/li>\n<li>Les \u00e9valuations des besoins \u00e9claireront les recommandations afin d\u2019optimiser les investissements actuels et \u00e0 venir dans le syst\u00e8me du PNLAADA.<\/li>\n<\/ul>\n","protected":false},"excerpt":{"rendered":"<p>En novembre 2007, des lignes directrices ont \u00e9t\u00e9 \u00e9labor\u00e9es afin de guider et d\u2019orienter les processus d\u2019\u00e9valuation des besoins r\u00e9gionaux dans chaque r\u00e9gion de SPNI. Ces lignes directrices d\u00e9finissent les crit\u00e8res, principes et activit\u00e9s des processus afin de s\u2019assurer qu\u2019ils soient fiables et qu\u2019il y ait coh\u00e9rence entre les r\u00e9gions de SPNI. Voici quelqueslignes directrices [&hellip;]<\/p>\n","protected":false},"author":2,"featured_media":0,"parent":0,"menu_order":0,"comment_status":"closed","ping_status":"closed","template":"","meta":[],"_links":{"self":[{"href":"https:\/\/nnadaprenewal.ca\/index.php?rest_route=\/wp\/v2\/pages\/894"}],"collection":[{"href":"https:\/\/nnadaprenewal.ca\/index.php?rest_route=\/wp\/v2\/pages"}],"about":[{"href":"https:\/\/nnadaprenewal.ca\/index.php?rest_route=\/wp\/v2\/types\/page"}],"author":[{"embeddable":true,"href":"https:\/\/nnadaprenewal.ca\/index.php?rest_route=\/wp\/v2\/users\/2"}],"replies":[{"embeddable":true,"href":"https:\/\/nnadaprenewal.ca\/index.php?rest_route=%2Fwp%2Fv2%2Fcomments&post=894"}],"version-history":[{"count":1,"href":"https:\/\/nnadaprenewal.ca\/index.php?rest_route=\/wp\/v2\/pages\/894\/revisions"}],"predecessor-version":[{"id":896,"href":"https:\/\/nnadaprenewal.ca\/index.php?rest_route=\/wp\/v2\/pages\/894\/revisions\/896"}],"wp:attachment":[{"href":"https:\/\/nnadaprenewal.ca\/index.php?rest_route=%2Fwp%2Fv2%2Fmedia&parent=894"}],"curies":[{"name":"wp","href":"https:\/\/api.w.org\/{rel}","templated":true}]}}